z(1). What is the highest common divisor of t and 15?
15
Let a be ((-30)/(-18))/(1/144). Calculate the highest common divisor of 30 and a.
30
Suppose -4*z + 13 = -3*z + 2*t, -2*t = -2. What is the highest common divisor of 143 and z?
11
Let s = -18 - -20. Let m = -8 - -14. Calculate the greatest common divisor of s and m.
2
Let o be (-116)/(-10) + (-4)/(-10). Suppose 2*b - 4*z = 98 - 2, -2*z + 96 = 2*b. What is the greatest common divisor of o and b?
12
Suppose -3*w + u + 58 = 0, -5*u = -w - 1 - 3. Suppose -3*g = 9, -23 = -2*f + 3*g - 0*g. Suppose f*j = 2*j + 15. Calculate the greatest common factor of w and j.
3
Suppose -2*q - 8 = -6*q. Suppose q*d + 0 + 2 = 0. Let g(p) = 35*p**2 + p + 1. Let n be g(d). What is the greatest common divisor of 5 and n?
5
Suppose -n = 3*f + 2*n - 27, -2*f + 22 = 3*n. Suppose -27 = -4*j + f. What is the greatest common factor of 56 and j?
8
Let v(q) = 48*q + 1. Let t be v(1). Suppose 0 = 2*i - 4, 0*o + 3*o - 2*i = 92. Let p = t - o. What is the highest common factor of p and 17?
17
Let n = -4 - -6. What is the highest common factor of 2 and n?
2
Suppose 0 = 4*t - 3*x - 44 - 35, 2*t - 39 = x. Suppose -2568 = 4*c - 740. Let g be (-1)/3 + c/(-3). Calculate the highest common divisor of t and g.
19
Let u be -4 - -1 - (-278 - 0). Suppose -u = -5*o + q, -q + 196 = 4*o - 24. What is the greatest common factor of 22 and o?
11
Suppose 5 = 2*q - 1. What is the greatest common divisor of 1 and q?
1
Let f(t) = -84*t. Suppose 2*x = o - 3 - 4, 25 = 5*o. Let c be f(x). Suppose 3*z - c = z. Calculate the highest common factor of z and 6.
6
Suppose -4*z = z - 200. What is the highest common factor of 8 and z?
8
Let i(l) = 2*l**2 + 13*l - 15. Let k be -4 - (0 - (3 + -1)). Let f = -9 + k. Let w be i(f). What is the greatest common divisor of 12 and w?
12
Suppose -105 = -h - 7*y + 4*y, -4*h - 4*y + 404 = 0. Suppose 0 = 2*o - 4*o + 4. Let n be (1 + 14/4)*o. Calculate the highest common divisor of n and h.
9
Let x(h) = h**3 + 8*h**2 - 10*h - 3. Let r be x(-9). Let t be (r/10)/((-6)/(-210)). What is the greatest common divisor of t and 189?
21
Let p(r) = -r**2 + 7*r - 6. Let m be p(5). Let s be m/6 - 4/6. Suppose s*i = -3*i + 9. What is the highest common factor of i and 21?
3
Let p be (-2*10)/((-3)/6). Calculate the highest common divisor of 60 and p.
20
Let t be (-18)/4*8/(-4). Suppose 0 + 3 = k. Calculate the highest common divisor of k and t.
3
Suppose o = -o + 24. Suppose -1 = -a - x, 0 = 3*a + a - 4*x - o. Calculate the highest common divisor of 2 and a.
2
Suppose -7*o = -105 - 28. Calculate the greatest common factor of 114 and o.
19
Suppose -j - 100 = -4*w + 3*j, 0 = -3*w - 4*j + 61. Calculate the highest common factor of 207 and w.
23
Let k = 27 - 11. Let v(r) = 2*r**3 - 6*r**2 + 3*r - 4. Let h be v(4). What is the greatest common divisor of h and k?
8
Suppose 5*r = 3*k - 81, 2*k = 4*r + 32 + 22. What is the highest common factor of k and 243?
27
Suppose -4*i = -4*k - 864, -3*k + 14 - 2 = 0. Suppose -5*w = 4*y - 65, -5*y - w = w - 94. Let a be (i/25)/(2/y). What is the greatest common factor of a and 11?
11
Suppose i - 75 = -4*i. What is the greatest common factor of i and 165?
15
Let u be 18/(-15)*(-4 - 1). Let j(p) = 4*p - 7. Let t be j(u). Suppose -5*m + 209 = 3*v, 3*m = 2*m + 1. Calculate the greatest common divisor of t and v.
17
Suppose -2*c + 9 = 2*p + c, 5*p + 4*c - 26 = 0. Let b = -84 - -132. Calculate the highest common divisor of b and p.
6
Let x be 6/8*(12 + 0). Suppose -129*k = -131*k + 162. Calculate the highest common factor of k and x.
9
Let m(d) = d**2 + 2*d + 6. Let i be m(-5). Let h = 15 - 11. Let u = h + 17. What is the highest common divisor of u and i?
21
Suppose 2*j - 5*s - 7 = 0, 5*j - 36 + 1 = -5*s. Let t(g) = 4 + 8*g + 0 + 2. Let l be t(j). Calculate the greatest common divisor of 6 and l.
6
Let x(u) = u - 10. Let n be x(12). Calculate the greatest common divisor of n and 22.
2
Let g(q) = q**3 + 6*q**2 + 3. Let c be g(-6). Suppose -4*m + 2*h = -56, 0 = -c*m - 2*h + h + 32. What is the greatest common divisor of m and 4?
4
Suppose 3*g + j + 45 = 5*g, 2*j = 3*g - 67. What is the highest common divisor of 161 and g?
23
Let g be (6/4)/(5/60). Suppose -j = j + g. Let m be (-135)/j*(-1)/(-1). What is the highest common factor of m and 135?
15
Let t be (-5)/4 + (-2185)/(-20). Calculate the greatest common factor of 24 and t.
12
Suppose 159*d - 163*d + 52 = 0. Let y = 46 - 33. What is the greatest common divisor of y and d?
13
Let w(i) = -4*i**3 + 2*i**2 - 2. Let u be w(-1). What is the highest common divisor of u and 4?
4
Let r = -4 - -8. Suppose 0 = -r*z + 3*f - 16, 5*z = -3*f - 9 - 11. Let u = z + 22. What is the greatest common factor of 72 and u?
18
Let r = -29 - -46. Let l = r + -8. What is the greatest common divisor of l and 27?
9
Let f(v) = -v - 10. Let q be f(-10). Suppose q = 5*z - 59 - 56. What is the greatest common factor of z and 115?
23
Suppose -4*z - 519 - 457 = 0. Let s = -109 - z. What is the highest common divisor of s and 15?
15
Let f be 7 - (-4 + (-1 - -2)). Let l = f + 14. Calculate the highest common factor of 16 and l.
8
Let p be 30/35*70/2. What is the highest common factor of 20 and p?
10
Suppose t - 930 = -9*t. Calculate the greatest common divisor of t and 31.
31
Suppose -6*c - 41 = -245. Let y(w) = 2*w + 85*w**2 - w + 3 - 2. Let g be y(-1). What is the greatest common factor of c and g?
17
Let q = 2 - 4. Let r(y) = 3*y**2 - 2*y - 2. Let s be r(q). Calculate the greatest common factor of s and 28.
14
Suppose 21 = -3*y + 6*y. Let k(o) = -o**3 + 9*o**2 - 1. Let f be k(8). What is the greatest common divisor of f and y?
7
Let i be (10/(-4))/((-4)/8). Suppose c - 3*v - 12 = 32, -4*v = 5*c - 163. What is the greatest common factor of c and i?
5
Suppose 6*w = 4*w + 230. What is the greatest common factor of w and 46?
23
Suppose -2*c = -62 - 28. Let v = 0 - -5. Suppose v*m = m + 60. What is the highest common factor of m and c?
15
Let x = -71 + 141. Let s = -5 + 7. Suppose -s = -a + 8. Calculate the highest common divisor of a and x.
10
Suppose -3*p - 20 = -s - 4*s, -2*p - 16 = -4*s. Calculate the highest common divisor of 20 and s.
4
Suppose 0 = 3*d + 2*p - 283, 2*p - p = 3*d - 268. What is the highest common factor of d and 13?
13
Suppose 0*b - 5*b - 4*v + 13 = 0, -4*b - 4*v = -8. Let u be (87/b)/((-4)/(-40)). Suppose u = 5*k + 39. Calculate the greatest common factor of 18 and k.
9
Let a = 13 - 10. Let s(b) = 7*b + 4. Let o be s(a). What is the greatest common divisor of 5 and o?
5
Let p = -1 + 7. Suppose 28 = -2*n + p*n. Let w be 72/n - 6/21. What is the highest common factor of w and 30?
10
Suppose -2*o + 8 = 0, 4*l - 2*o = -0*o + 136. Calculate the highest common factor of l and 18.
18
Let j(t) = -4 - 4*t + 5 - 4. Let r(z) = -z**3 - 5*z**2 - 2. Let d be r(-5). Let n be j(d). Calculate the greatest common factor of n and 55.
5
Suppose 0 = -c - 2*c + 51. Suppose -3*q = -13 - c. Let y be ((-32)/q)/(4/(-10)). Calculate the greatest common factor of 64 and y.
8
Suppose 0 = -b + 3*i + 5, b + 7*i - 3*i - 5 = 0. Suppose -64 = 3*a - b*a. What is the highest common divisor of 16 and a?
16
Let z = 167 - 117. Calculate the greatest common divisor of z and 10.
10
Let r(y) = -1 + 2*y - 5*y + 0*y + y. Suppose 23 = -2*n - 3*c, -4 = 2*n - 4*c - 16. Let u be r(n). What is the greatest common divisor of 7 and u?
7
Suppose -3*n + 3*h + 54 = 0, -2*n + 4*h - 8 = -3*n. Suppose -8*b + 4*b = -n. Calculate the highest common divisor of b and 10.
2
Let i = 55 + -43. What is the greatest common factor of 4 and i?
4
Suppose -a + 4 = 2*j, 16 = j - 0*j - 3*a. Suppose -u = 1 - 10. Let i = u - 3. Calculate the highest common divisor of j and i.
2
Let h be ((-40)/6)/((-2)/27). Suppose -4*p + 79 = -3*z, -2*z - 59 + 8 = -3*p. Let w = z - -69. Calculate the highest common factor of h and w.
18
Let y be (5 - 4)*0/(-6). Suppose -671 = -4*c - 71. Suppose -7*r + 2*r + c = y. Calculate the greatest common divisor of 10 and r.
10
Let r = -6 + 18. Suppose 5*n = -0*n + s + 12, n - r = -3*s. What is the highest common divisor of n and 33?
3
Let i be 6*(-3)/24*-12. Let n = i + -6. Calculate the highest common factor of 12 and n.
3
Suppose -3*y - 2*y + 25 = 0. What is the greatest common factor of 1 and y?
1
Suppose -6*f = 